
Convert -874c3 (base 16) to base 10.
-554179
-91b2c2 (base 14) to base 10
-4909578
Convert 348204 (base 9) to base 7.
1531315
11100000110011111001111 (base 2) to base 12
25730bb
Convert 1103042245 (base 6) to base 7.
203113421
331155 (base 8) to base 2
11011001001101101
Convert -101111000001010011000110 (base 2) to base 6.
-1120105114
325324 (base 8) to base 2
11010101011010100
Convert -1037163 (base 8) to base 11.
-17aa67
Convert -8701ee (base 15) to base 8.
-30416200
Convert 149203 (base 16) to base 2.
101001001001000000011
What is -32040242 (base 6) in base 7?
-10655603
-445417 (base 8) to base 7
-1164104
-21018755 (base 9) to base 13
-212cba3
59701 (base 14) to base 4
311100211
Convert -75821 (base 11) to base 4.
-122320311
6ba8cd (base 14) to base 2
1110000010000111110101
Convert -11353b (base 13) to base 10.
-407340
-45d10 (base 15) to base 8
-662153
What is 166da1 (base 14) in base 7?
6456561
-5fc88 (base 16) to base 7
-3222546
-15212204 (base 6) to base 16
-8188c
Convert 8754 (base 9) to base 5.
201243
What is -1246649 (base 10) in base 13?
-348581
Convert -4542310 (base 9) to base 12.
-9a1283
Convert -1477c5 (base 14) to base 4.
-2231320301
Convert -8385c0 (base 13) to base 15.
-40aed9
What is -110210222 (base 7) in base 3?
-110110120001212
-8e9d7 (base 16) to base 15
-b8136
Convert -361501 (base 8) to base 2.
-11110001101000001
Convert 4931c3 (base 16) to base 2.
10010010011000111000011
Convert -48d670 (base 16) to base 13.
-cb1965
11011020201222 (base 3) to base 13
5c4857
412574 (base 15) to base 13
845323
-326440 (base 8) to base 11
-7559a
What is 176240 (base 8) in base 13?
2358a
Convert 2755b5 (base 13) to base 3.
1210111022112
What is -14611 (base 7) in base 12?
-2437
What is 12002212102 (base 3) in base 14?
288ad
Convert -13013333 (base 4) to base 15.
-89a8
Convert -16f9bb (base 16) to base 11.
-9392aa
14ba0c4 (base 13) to base 16
6571da
7deb7 (base 15) to base 5
100322242
Convert 24068 (base 13) to base 11.
45647
8a0d8 (base 15) to base 16
6b2a9
What is 5043511 (base 6) in base 4?
322123003
What is -3361317 (base 8) in base 7?
-10510103
147684 (base 10) to base 2
100100000011100100
What is 112111313001 (base 4) in base 11?
3340258
Convert -2848728 (base 10) to base 4.
-22313133120
Convert -1877e5 (base 16) to base 9.
-3013600
Convert -12021102101102 (base 3) to base 8.
-12543126
What is 2217782 (base 11) in base 3?
21022122020111
What is -ab86c (base 14) in base 2?
-1100101100100001000
What is -121223332 (base 5) in base 16?
-8b463
What is -1763073 (base 10) in base 13?
-499650
Convert 232010010 (base 4) to base 5.
22014201
What is -4a8e27 (base 15) in base 11?
-2021174
Convert -3e45 (base 16) to base 9.
-23772
What is -2755752 (base 8) in base 12?
-315922
-10101001001100010010000 (base 2) to base 16
-549890
-11222010120 (base 3) to base 8
-276766
Convert 220bd7 (base 15) to base 10.
1622677
-2718015 (base 9) to base 15
-1e6122
What is 61741 (base 10) in base 15?
13461
-1206797 (base 10) to base 2
-100100110101000001101
Convert -22343242 (base 5) to base 9.
-334084
-15021307 (base 8) to base 13
-92827b
24dc6c (base 14) to base 8
4653350
Convert 13204400 (base 5) to base 9.
220770
What is -254417 (base 9) in base 3?
-21211110121
Convert -24505024 (base 7) to base 2.
-1000011001111100111010
Convert 19870b (base 13) to base 9.
1185603
Convert 79e6b2 (base 15) to base 7.
100316660
-1a31cd (base 14) to base 13
-267761
426556 (base 9) to base 2
111110000011000100
Convert -121002021001 (base 3) to base 15.
-63c01
What is -1a3182 (base 11) in base 3?
-120211112011
-11100333211 (base 4) to base 7
-14506162
What is d12c (base 15) in base 7?
242460
What is 38346a7 (base 11) in base 5?
3200400211
What is 231442232 (base 6) in base 2?
10000010101100010001100
-144350 (base 7) to base 4
-12310331
-15641 (base 12) to base 3
-1112112211
Convert -2481656 (base 9) to base 13.
-3849c0
What is 2000120200002 (base 3) in base 6?
35005345
Convert 11143352 (base 6) to base 14.
8c060
Convert 117538 (base 14) to base 16.
919fe
13a97 (base 14) to base 2
1011111001100101
2359 (base 14) to base 9
8388
Convert 1150465 (base 9) to base 6.
21211222
6475672 (base 8) to base 13
489cb6
-16832235 (base 9) to base 12
-2a02b12
Convert 39b84 (base 16) to base 6.
5022312
Convert 277958 (base 10) to base 3.
112010021202
-40105023 (base 6) to base 16
-1138a7
What is 249789 (base 10) in base 2?
111100111110111101
Convert -279638a (base 11) to base 12.
-173bb73
Convert 773a35 (base 13) to base 4.
22231120013
112100200221 (base 3) to base 12
11768a
-6a7a90 (base 14) to base 13
-9a2463
What is -300033501 (base 6) in base 16?
-4cf56d
4eaa9 (base 15) to base 8
754377
What is -323020313 (base 5) in base 10?
-1376333
Convert -2a480a5 (base 11) to base 4.
-103323020233
What is 45156022 (base 7) in base 4?
32323121113
Convert 4079d0 (base 16) to base 9.
7850246
100100010010010001 (base 2) to base 3
21112212122
-66783 (base 12) to base 11
-93108
1111010011100010011111 (base 2) to base 6
221554543
Convert 211301 (base 6) to base 8.
41425
What is -534160 (base 10) in base 12?
-219154
Convert 12110201221 (base 3) to base 10.
107701
11242123110 (base 5) to base 2
110001000000110110010010
What is -130030122 (base 4) in base 9?
-185363
-1000001001011111111001 (base 2) to base 13
-59a351
-318199 (base 10) to base 8
-1155367
30a1c1 (base 13) to base 7
12441315
-1411223044 (base 5) to base 13
-9985cb
Convert -194b370 (base 12) to base 8.
-24246104
What is 220314202 (base 5) in base 16?
e7754
What is -101100001001001000 (base 2) in base 12?
-88774
What is 1c60da (base 14) in base 8?
3677260
841820 (base 10) to base 2
11001101100001011100
What is -114206 (base 11) in base 4?
-230100100
402466 (base 9) to base 10
238038
What is -22233156 (base 8) in base 5?
-2212014222
b94a5 (base 13) to base 2
1010001101110100011
What is 15426 (base 16) in base 14?
23a3c
-11011010102 (base 3) to base 14
-21b08
-1b3476 (base 15) to base 12
-5401b6
-285050 (base 9) to base 8
-524304
What is 2001334042 (base 5) in base 6?
220151155
118773 (base 10) to base 13
420a5
65004 (base 8) to base 10
27140
What is -6165522 (base 9) in base 5?
-1320304011
Convert -1532902 (base 10) to base 15.
-2042d7
Convert -2422224034 (base 5) to base 4.
-111212320031
Convert -a2073 (base 15) to base 13.
-14c71b
Convert -3595a0 (base 15) to base 5.
-1124003100
14404520 (base 6) to base 14
cda6c
What is -b6019 (base 13) in base 12?
-139553
1363798 (base 12) to base 2
1110101111001010100100
-110110202221102 (base 3) to base 6
-354024402
What is 267a40 (base 11) in base 2?
1100110101010100111
Convert 4853558 (base 9) to base 14.
4c7aaa
Convert 122002130 (base 4) to base 2.
11010000010011100
What is -8dd69a (base 15) in base 12?
-232a8a7
113213433 (base 5) to base 13
154083
What is -243022024 (base 6) in base 16?
-4686a0
Convert -185b37 (base 12) to base 14.
-b0c43
Convert 6803 (base 14) to base 16.
4673
Convert 103310003013 (base 4) to base 7.
62101434
What is 102030 (base 13) in base 11?
23731a
What is -1101200212211 (base 3) in base 4?
-2311022110
Convert 323420034 (base 6) to base 5.
2434204111
-3555501 (base 9) to base 5
-443121144
Convert -a28b16 (base 14) to base 12.
-1a02a00
Convert 323130101 (base 4) to base 2.
111011011100010001
Convert 20389 (base 14) to base 6.
1354553
-315512 (base 8) to base 7
-615653
-264527 (base 10) to base 2
-1000000100101001111
-2083603 (base 9) to base 4
-10100331132
Convert -7d375 (base 14) to base 10.
-305275
220613 (base 11) to base 13
c4376
Convert -25a56 (base 11) to base 7.
-213323
3407774 (base 9) to base 3
10110021212111
Convert -112665 (base 7) to base 3.
-1000202110
Convert 66c76 (base 14) to base 16.
3ce48
221597 (base 11) to base 13
c4b38
Convert 1152404333 (base 6) to base 10.
13282401
Convert -100202221012 (base 3) to base 2.
-101110111110010111
330413144 (base 5) to base 4
11122220113
Convert 34304143 (base 5) to base 4.
1022321232
What is 102221201202101 (base 3) in base 12?
2164147
-2337208 (base 10) to base 5
-1044242313
111000110121 (base 3) to base 15
50db4
-231107 (base 8) to base 13
-298c4
Convert 674480 (base 9) to base 10.
403533
Convert -5550528 (base 10) to base 15.
-749903
Convert -12112021221 (base 3) to base 8.
-324443
-38873 (base 14) to base 8
-417165
What is 231300